{"id":1315,"date":"2021-07-21T08:17:52","date_gmt":"2021-07-21T08:17:52","guid":{"rendered":"http:\/\/za.uap.edu.pl\/?page_id=1315"},"modified":"2021-12-28T19:47:58","modified_gmt":"2021-12-28T19:47:58","slug":"38-2","status":"publish","type":"page","link":"http:\/\/za.uap.edu.pl\/?page_id=1315","title":{"rendered":"38"},"content":{"rendered":"\n<p>2(38)2020<\/p>\n\n\n<p><a href=\"http:\/\/za.uap.edu.pl\/wp-content\/uploads\/2021\/07\/ZA_38-1.pdf\">ZESZYTY ARTYSTYCZNE \/ 38<\/a><\/p>\n\n\n<figure class=\"wp-block-image size-large is-resized\"><a href=\"http:\/\/za.uap.edu.pl\/wp-content\/uploads\/2021\/07\/ZA_38_wizualizacja-scaled.jpg\"><img loading=\"lazy\" src=\"http:\/\/za.uap.edu.pl\/wp-content\/uploads\/2021\/07\/ZA_38_wizualizacja-1024x768.jpg\" alt=\"\" class=\"wp-image-1316\" width=\"378\" height=\"284\" srcset=\"http:\/\/za.uap.edu.pl\/wp-content\/uploads\/2021\/07\/ZA_38_wizualizacja-1024x768.jpg 1024w, http:\/\/za.uap.edu.pl\/wp-content\/uploads\/2021\/07\/ZA_38_wizualizacja-300x225.jpg 300w, http:\/\/za.uap.edu.pl\/wp-content\/uploads\/2021\/07\/ZA_38_wizualizacja-768x576.jpg 768w, http:\/\/za.uap.edu.pl\/wp-content\/uploads\/2021\/07\/ZA_38_wizualizacja-1536x1152.jpg 1536w, http:\/\/za.uap.edu.pl\/wp-content\/uploads\/2021\/07\/ZA_38_wizualizacja-2048x1536.jpg 2048w, http:\/\/za.uap.edu.pl\/wp-content\/uploads\/2021\/07\/ZA_38_wizualizacja-560x420.jpg 560w, http:\/\/za.uap.edu.pl\/wp-content\/uploads\/2021\/07\/ZA_38_wizualizacja-260x195.jpg 260w, http:\/\/za.uap.edu.pl\/wp-content\/uploads\/2021\/07\/ZA_38_wizualizacja-160x120.jpg 160w\" sizes=\"(max-width: 378px) 100vw, 378px\" \/><\/a><\/figure>\n\n\n\n<p>Temat numeru: Sztuka wobec \u015bwiata<\/p>\n\n\n\n<p>Redaktor prowadz\u0105ca:&nbsp;dr Justyna Ryczek<\/p>\n\n\n\n<p><\/p>\n\n\n\n<p>Spis tre\u015bci:<\/p>\n\n\n<p><a href=\"http:\/\/za.uap.edu.pl\/wp-content\/uploads\/2021\/07\/10-13.pdf\">Justyna Ryczek Wst\u0119p<\/a><\/p>\n<p><a href=\"http:\/\/za.uap.edu.pl\/wp-content\/uploads\/2021\/07\/14-29.pdf\">Marta Smoli\u0144ska <em>Redefinicje postumentu rze\u017aby a uwodzenie zmys\u0142u dotyku: na wybranych przyk\u0142adach tw\u00f3rczo\u015bci Arpa, Br\u00e2ncu\u015fiego i Giacomettiego<\/em><\/a><\/p>\n<p><a href=\"http:\/\/za.uap.edu.pl\/wp-content\/uploads\/2021\/07\/30-42.pdf\">Mateusz M. Bieczy\u0144ski <em>Cenzura abstrakcji? \u2013 o sztuce abstrakcyjnej, jej recepcji spo\u0142ecznej i s\u0105dowo-prawnej<\/em><\/a><\/p>\n<p><a href=\"http:\/\/za.uap.edu.pl\/wp-content\/uploads\/2021\/07\/44-59.pdf\">Maciej Szymanowicz\u00a0<em>Duogramy w s\u0142u\u017cbie reklamy. O zapomnianym epizodzie w tw\u00f3rczo\u015bci Stefana Wojneckiego<\/em><\/a><\/p>\n<p><a href=\"http:\/\/za.uap.edu.pl\/wp-content\/uploads\/2021\/07\/60-87.pdf\">Jan Wasiewicz <em>Orka na ugorze. Praca pami\u0119ci nad podda\u0144stwem i pa\u0144szczyzn\u0105 w polskich mediach, humanistyce, kulturze i sztuce drugiej dekady XXI wieku<\/em><\/a><\/p>\n<p><a href=\"http:\/\/za.uap.edu.pl\/wp-content\/uploads\/2021\/07\/88-99.pdf\">Adam Mazur <em>Ostatnie zdj\u0119cia. Ma\u0142a historia fotografii kosmicznej<\/em><\/a><\/p>\n<p><a href=\"http:\/\/za.uap.edu.pl\/wp-content\/uploads\/2021\/07\/100-113.pdf\">Justyna Ryczek <em>Sztuka odpowiedzialno\u015bci za \u015bwiat. Demon i pos\u0142aniec w pracy Agnieszki Polskiej<\/em><\/a><\/p>\n<p><a href=\"http:\/\/za.uap.edu.pl\/wp-content\/uploads\/2021\/07\/114-129.pdf\">Izolda Kiec <em>Sztuka kompromis\u00f3w, czyli o pierwszej uczelni artystycznej w Poznaniu<\/em><\/a><\/p>\n<p><a href=\"http:\/\/za.uap.edu.pl\/wp-content\/uploads\/2021\/07\/130-142.pdf\">Rafa\u0142 Boettner-\u0141ubowski <em>Rozwa\u017cania autotematyczne, 2018\u20132019 \/uwagi na temat realizacji pewnej wystawy<\/em><\/a><\/p>\n<p>\u00a0<\/p>\n<p>Recenzje<\/p>\n<p><a href=\"http:\/\/za.uap.edu.pl\/wp-content\/uploads\/2021\/07\/146-152.pdf\">Barbara Kowalewska <em>Biografka jako stra\u017cniczka nieoczywisto\u015bci<\/em><\/a><\/p>\n<p><a href=\"http:\/\/za.uap.edu.pl\/wp-content\/uploads\/2021\/07\/154-159.pdf\">Ma\u0142gorzata Kopczy\u0144ska <em>Implozje Mariusza Kruka<\/em><\/a><\/p>\n<p>\u00a0<\/p>\n<p>Pro Memoriam<\/p>\n<p><a href=\"http:\/\/za.uap.edu.pl\/wp-content\/uploads\/2021\/07\/161-164.pdf\">Krzysztof Gliszczy\u0144ski \/ Janusz Marciniak Marta Smoli\u0144ska <em data-rich-text-format-boundary=\"true\">Epitafium na trzy g\u0142osy dla Dawida Marszewskiego<\/em><\/a><\/p>\n<p><a href=\"http:\/\/za.uap.edu.pl\/wp-content\/uploads\/2021\/07\/165-170.pdf\">Dawid Krzysztof Marszewski <em>Figury wsp\u00f3\u0142czucia. Zwrot empatyczny w sztuce wsp\u00f3\u0142czesnej<\/em><\/a><\/p>\n<p><a href=\"http:\/\/za.uap.edu.pl\/wp-content\/uploads\/2021\/07\/171-173.pdf\">Andrzej Bednarczyk <em>Stan bliski katatonii<\/em><\/a><\/p>\n<p><a href=\"http:\/\/za.uap.edu.pl\/wp-content\/uploads\/2021\/07\/174-177.pdf\">Krzysztof Gliszczy\u0144ski <em>Obrazy zatrzymane w momencie \u0142adowania<\/em><\/a><\/p>\n<p><a href=\"http:\/\/za.uap.edu.pl\/wp-content\/uploads\/2021\/07\/178-184.pdf\">Natalia Cie\u015blak <em>Przygl\u0105dam si\u0119 od ty\u0142u, od boku, od g\u00f3ry i od do\u0142u malarstwu\u2026 Artystyczna obecno\u015b\u0107 Dawida Marszewskiego w Galerii Sztuki Wozownia w Toruniu<\/em><\/a><\/p>\n<p><a href=\"http:\/\/za.uap.edu.pl\/wp-content\/uploads\/2021\/07\/185-190.pdf\">Anna Ko\u0142acka <em>Dawidowi\u2026<\/em><\/a><\/p>\n<p>\u00a0<\/p>\n<p><a href=\"http:\/\/za.uap.edu.pl\/wp-content\/uploads\/2021\/07\/192-199.pdf\">Kronika WEAiK<\/a><\/p>\n<p><a href=\"http:\/\/za.uap.edu.pl\/wp-content\/uploads\/2021\/07\/200-219.pdf\">Kalendarium<\/a><\/p>\n<p><a href=\"http:\/\/za.uap.edu.pl\/wp-content\/uploads\/2021\/07\/220-224.pdf\">Abstracts<\/a><\/p>\n\n\n<p><br><br><br><\/p>\n\n\n\n<p><br><br><\/p>\n","protected":false},"excerpt":{"rendered":"<p>2(38)2020 ZESZYTY ARTYSTYCZNE \/ 38 Temat numeru: Sztuka wobec \u015bwiata Redaktor prowadz\u0105ca:&nbsp;dr Justyna Ryczek Spis tre\u015bci: Justyna Ryczek Wst\u0119p Marta Smoli\u0144ska Redefinicje postumentu rze\u017aby a uwodzenie zmys\u0142u dotyku: na wybranych przyk\u0142adach tw\u00f3rczo\u015bci Arpa, Br\u00e2ncu\u015fiego i Giacomettiego Mateusz M. Bieczy\u0144ski Cenzura&hellip;<\/p>\n<p class=\"more-link-p\"><a class=\"more-link\" href=\"http:\/\/za.uap.edu.pl\/?page_id=1315\">Read more &rarr;<\/a><\/p>\n","protected":false},"author":3,"featured_media":0,"parent":0,"menu_order":0,"comment_status":"closed","ping_status":"closed","template":"","meta":[],"_links":{"self":[{"href":"http:\/\/za.uap.edu.pl\/index.php?rest_route=\/wp\/v2\/pages\/1315"}],"collection":[{"href":"http:\/\/za.uap.edu.pl\/index.php?rest_route=\/wp\/v2\/pages"}],"about":[{"href":"http:\/\/za.uap.edu.pl\/index.php?rest_route=\/wp\/v2\/types\/page"}],"author":[{"embeddable":true,"href":"http:\/\/za.uap.edu.pl\/index.php?rest_route=\/wp\/v2\/users\/3"}],"replies":[{"embeddable":true,"href":"http:\/\/za.uap.edu.pl\/index.php?rest_route=%2Fwp%2Fv2%2Fcomments&post=1315"}],"version-history":[{"count":16,"href":"http:\/\/za.uap.edu.pl\/index.php?rest_route=\/wp\/v2\/pages\/1315\/revisions"}],"predecessor-version":[{"id":1383,"href":"http:\/\/za.uap.edu.pl\/index.php?rest_route=\/wp\/v2\/pages\/1315\/revisions\/1383"}],"wp:attachment":[{"href":"http:\/\/za.uap.edu.pl\/index.php?rest_route=%2Fwp%2Fv2%2Fmedia&parent=1315"}],"curies":[{"name":"wp","href":"https:\/\/api.w.org\/{rel}","templated":true}]}}