{"id":1544,"date":"2022-12-29T10:59:43","date_gmt":"2022-12-29T10:59:43","guid":{"rendered":"http:\/\/za.uap.edu.pl\/?page_id=1544"},"modified":"2023-06-05T20:14:06","modified_gmt":"2023-06-05T20:14:06","slug":"41-2","status":"publish","type":"page","link":"http:\/\/za.uap.edu.pl\/?page_id=1544","title":{"rendered":"41-42"},"content":{"rendered":"\n<p>1\u20132(41\u201342)\/2022<\/p>\n\n\n\n<div class=\"wp-block-media-text alignwide is-stacked-on-mobile\"><figure class=\"wp-block-media-text__media\"><img loading=\"lazy\" width=\"1024\" height=\"768\" src=\"http:\/\/za.uap.edu.pl\/wp-content\/uploads\/2023\/01\/ZA_41-42_wizualizacja-1024x768.jpg\" alt=\"\" class=\"wp-image-1607 size-full\" srcset=\"http:\/\/za.uap.edu.pl\/wp-content\/uploads\/2023\/01\/ZA_41-42_wizualizacja-1024x768.jpg 1024w, http:\/\/za.uap.edu.pl\/wp-content\/uploads\/2023\/01\/ZA_41-42_wizualizacja-300x225.jpg 300w, http:\/\/za.uap.edu.pl\/wp-content\/uploads\/2023\/01\/ZA_41-42_wizualizacja-768x576.jpg 768w, http:\/\/za.uap.edu.pl\/wp-content\/uploads\/2023\/01\/ZA_41-42_wizualizacja-1536x1152.jpg 1536w, http:\/\/za.uap.edu.pl\/wp-content\/uploads\/2023\/01\/ZA_41-42_wizualizacja-2048x1536.jpg 2048w, http:\/\/za.uap.edu.pl\/wp-content\/uploads\/2023\/01\/ZA_41-42_wizualizacja-560x420.jpg 560w, http:\/\/za.uap.edu.pl\/wp-content\/uploads\/2023\/01\/ZA_41-42_wizualizacja-260x195.jpg 260w, http:\/\/za.uap.edu.pl\/wp-content\/uploads\/2023\/01\/ZA_41-42_wizualizacja-160x120.jpg 160w\" sizes=\"(max-width: 1024px) 100vw, 1024px\" \/><\/figure><div class=\"wp-block-media-text__content\">\n<p class=\"has-large-font-size\"><\/p>\n<\/div><\/div>\n\n\n\n<p>Temat numeru: Kongo w P\/poznaniu. Kongo w dzia\u0142aniu<\/p>\n\n\n\n<p>Redaktor prowadz\u0105cy:&nbsp;dr Jan Wasiewicz, ad.<\/p>\n\n\n\n<div style=\"height:30px\" aria-hidden=\"true\" class=\"wp-block-spacer\"><\/div>\n\n\n\n<p> Spis tre\u015bci: <\/p>\n\n\n\n<p>Jan Wasiewicz <em><a href=\"http:\/\/za.uap.edu.pl\/wp-content\/uploads\/2023\/01\/012-017.pdf\" data-type=\"URL\">Wst\u0119p<\/a><\/em><\/p>\n\n\n\n<div style=\"height:20px\" aria-hidden=\"true\" class=\"wp-block-spacer\"><\/div>\n\n\n\n<p>Kongo w Poznaniu<\/p>\n\n\n\n<p>Bogumi\u0142 Jewsiewicki \/ Wojciech Luchowski <em><a href=\"http:\/\/za.uap.edu.pl\/wp-content\/uploads\/2023\/01\/020-037.pdf\" data-type=\"URL\">O wystawie &#8222;Kongijczyk\u00f3w portret w\u0142asny. Malarstwo kongijskie 1960\u20131990&#8221; w Centrum Kultury ZAMEK w Poznaniu, 16.10.\u201319.12.2021<\/a><\/em><\/p>\n\n\n\n<p>Izabela Sk\u00f3rzy\u0144ska&nbsp;<em><a href=\"http:\/\/za.uap.edu.pl\/wp-content\/uploads\/2023\/01\/038-057.pdf\">Wywiad: Zobaczy\u0107 s\u0142owo, us\u0142ysze\u0107 obraz, porozmawia\u0107?<\/a><\/em><\/p>\n\n\n\n<div style=\"height:20px\" aria-hidden=\"true\" class=\"wp-block-spacer\"><\/div>\n\n\n\n<p>Kongo w poznaniu<\/p>\n\n\n\n<p>Izabela Sk\u00f3rzy\u0144ska <em><a href=\"http:\/\/za.uap.edu.pl\/wp-content\/uploads\/2023\/01\/060-085.pdf\">Kongo Conrada. Kolory Konga<\/a><\/em><\/p>\n\n\n\n<p>Magdalena Parnasow-Kujawa <em><a href=\"http:\/\/za.uap.edu.pl\/wp-content\/uploads\/2023\/01\/086-093.pdf\">Nie wszystko da si\u0119 uporz\u0105dkowa\u0107<\/a><\/em><\/p>\n\n\n\n<p>Anna Topolska  <a href=\"http:\/\/za.uap.edu.pl\/wp-content\/uploads\/2023\/01\/094-103.pdf\"><em>Problem<\/em> mi\u0119dzy<em>kulturowej i posttraumatycznej komunikacji wizualnej: The Eyes of Gutete Emerita<\/em><\/a><\/p>\n\n\n\n<p>Agnieszka Chwieduk <em><a href=\"http:\/\/za.uap.edu.pl\/wp-content\/uploads\/2023\/01\/104-119.pdf\" data-type=\"URL\">Kilka uwag na temat u\u017cyteczno\u015bci dziennika terenowego: Antropologiczna perspektywa i praktyka<\/a><\/em><\/p>\n\n\n\n<div style=\"height:20px\" aria-hidden=\"true\" class=\"wp-block-spacer\"><\/div>\n\n\n\n<p>Teksty angielskie<\/p>\n\n\n\n<p>Jan Wasiewicz <em><a href=\"http:\/\/za.uap.edu.pl\/wp-content\/uploads\/2023\/01\/122-127.pdf\" data-type=\"URL\">Introduction<\/a><\/em><\/p>\n\n\n\n<p>Kongo w Poznaniu<\/p>\n\n\n\n<p>Bogumi\u0142 Jewsiewicki \/ Wojciech Luchowski <a href=\"http:\/\/za.uap.edu.pl\/wp-content\/uploads\/2023\/01\/130-141.pdf\"><em>About the exhibition &#8222;The Self-Portrait of the Congolese. Congolese Paintings 1960\u20131990&#8221; at ZAMEK Culture Centre in Pozna\u0144, 16.10.\u201319.1<\/em>2<em>.2021<\/em><\/a><\/p>\n\n\n\n<p> Izabela Sk\u00f3rzy\u0144ska <a href=\"http:\/\/za.uap.edu.pl\/wp-content\/uploads\/2023\/01\/142-163.pdf\" data-type=\"URL\"><em>Interview: To see the word, to hear the painting, to talk?<\/em><\/a><\/p>\n\n\n\n<p>Kongo w poznaniu<\/p>\n\n\n\n<p>Izabela Sk\u00f3rzy\u0144ska <em><a href=\"http:\/\/za.uap.edu.pl\/wp-content\/uploads\/2023\/01\/166-193.pdf\">Conrad\u2019s Congo. Colours of Congo<\/a><\/em><\/p>\n\n\n\n<p>Magdalena Parnasow-Kujawa <em><a href=\"http:\/\/za.uap.edu.pl\/wp-content\/uploads\/2023\/01\/194-201.pdf\">Not everything can be organized<\/a><\/em><\/p>\n\n\n\n<p>Anna Topolska <em><a href=\"http:\/\/za.uap.edu.pl\/wp-content\/uploads\/2023\/01\/202-211.pdf\">The Problem of Intercultural and Posttraumatic Visual Communication: The Eyes of Gutete Emerita<\/a><\/em><\/p>\n\n\n\n<p>Agnieszka Chwieduk <em><a href=\"http:\/\/za.uap.edu.pl\/wp-content\/uploads\/2023\/01\/212-229.pdf\">Some comments on the usefulness of the field diary: An anthropological perspective and practic<\/a><\/em><\/p>\n\n\n\n<div style=\"height:20px\" aria-hidden=\"true\" class=\"wp-block-spacer\"><\/div>\n\n\n\n<p>Recenzje i om\u00f3wienia<\/p>\n\n\n\n<p>Natalia Cie\u015blak <em><a href=\"http:\/\/za.uap.edu.pl\/wp-content\/uploads\/2023\/01\/232-241.pdf\" data-type=\"URL\">Zhakowany kanon, symulowane archiwa i kobieca genealogia &#8222;w Realnej niemo\u017cliwo\u015bci&#8221; Iwony Demko<\/a><\/em><\/p>\n\n\n\n<div style=\"height:20px\" aria-hidden=\"true\" class=\"wp-block-spacer\"><\/div>\n\n\n\n<p>Praca konkursowa<\/p>\n\n\n\n<p>Agnieszka Sukienniczak <em><a href=\"http:\/\/za.uap.edu.pl\/wp-content\/uploads\/2023\/01\/244-261.pdf\" data-type=\"URL\">Sposoby kuratorowania architektury a pytanie o jej przysz\u0142o\u015b\u0107<\/a><\/em><\/p>\n\n\n\n<div style=\"height:20px\" aria-hidden=\"true\" class=\"wp-block-spacer\"><\/div>\n\n\n\n<p><a href=\"http:\/\/za.uap.edu.pl\/wp-content\/uploads\/2023\/01\/262-267.pdf\">Kronika WEAiK<\/a><\/p>\n\n\n\n<p><a href=\"http:\/\/za.uap.edu.pl\/wp-content\/uploads\/2023\/01\/268-303.pdf\">Kalendarium<\/a><\/p>\n\n\n\n<div style=\"height:20px\" aria-hidden=\"true\" class=\"wp-block-spacer\"><\/div>\n\n\n\n<p><a href=\"http:\/\/za.uap.edu.pl\/wp-content\/uploads\/2023\/01\/308-383.pdf\" data-type=\"URL\">Kongo w dzia\u0142aniu<\/a><\/p>\n\n\n\n<div style=\"height:20px\" aria-hidden=\"true\" class=\"wp-block-spacer\"><\/div>\n\n\n\n<p>&#8212;&#8212;&#8212;&#8212;&#8212;&#8212;&#8212;&#8212;&#8212;&#8212;&#8212;&#8212;&#8212;&#8212;&#8212;&#8211;<\/p>\n\n\n\n<p>Stworzenie angloj\u0119zycznej wersji publikacji \u2013 p\u0142atne ze \u015brodk\u00f3w Ministerstwa Edukacji i Nauki na podstawie umowy nr RCN\/SP\/0363\/2021\/1 stanowi\u0105cych pomoc przyznan\u0105 w ramach programu \u201eRozw\u00f3j czasopism naukowych\u201d.<\/p>\n\n\n\n<div class=\"wp-block-media-text alignwide is-stacked-on-mobile\" style=\"grid-template-columns:31% auto\"><figure class=\"wp-block-media-text__media\"><img loading=\"lazy\" width=\"976\" height=\"307\" src=\"http:\/\/za.uap.edu.pl\/wp-content\/uploads\/2023\/06\/01_znak_podstawowy_kolor_biale_tlo.jpg\" alt=\"\" class=\"wp-image-1678 size-full\" srcset=\"http:\/\/za.uap.edu.pl\/wp-content\/uploads\/2023\/06\/01_znak_podstawowy_kolor_biale_tlo.jpg 976w, http:\/\/za.uap.edu.pl\/wp-content\/uploads\/2023\/06\/01_znak_podstawowy_kolor_biale_tlo-300x94.jpg 300w, http:\/\/za.uap.edu.pl\/wp-content\/uploads\/2023\/06\/01_znak_podstawowy_kolor_biale_tlo-768x242.jpg 768w, http:\/\/za.uap.edu.pl\/wp-content\/uploads\/2023\/06\/01_znak_podstawowy_kolor_biale_tlo-560x176.jpg 560w, http:\/\/za.uap.edu.pl\/wp-content\/uploads\/2023\/06\/01_znak_podstawowy_kolor_biale_tlo-260x82.jpg 260w, http:\/\/za.uap.edu.pl\/wp-content\/uploads\/2023\/06\/01_znak_podstawowy_kolor_biale_tlo-160x50.jpg 160w\" sizes=\"(max-width: 976px) 100vw, 976px\" \/><\/figure><div class=\"wp-block-media-text__content\">\n<p class=\"has-large-font-size\"><\/p>\n<\/div><\/div>\n\n\n\n<p>Publikacja dofinansowana przez Wydzia\u0142 Historii, Uniwersytet im. Adama Mickiewicza w Poznaniu.<\/p>\n\n\n\n<div class=\"wp-block-media-text alignwide is-stacked-on-mobile\" style=\"grid-template-columns:15% auto\"><figure class=\"wp-block-media-text__media\"><img loading=\"lazy\" width=\"596\" height=\"577\" src=\"http:\/\/za.uap.edu.pl\/wp-content\/uploads\/2023\/01\/uam.jpg\" alt=\"\" class=\"wp-image-1623 size-full\" srcset=\"http:\/\/za.uap.edu.pl\/wp-content\/uploads\/2023\/01\/uam.jpg 596w, http:\/\/za.uap.edu.pl\/wp-content\/uploads\/2023\/01\/uam-300x290.jpg 300w, http:\/\/za.uap.edu.pl\/wp-content\/uploads\/2023\/01\/uam-560x542.jpg 560w, http:\/\/za.uap.edu.pl\/wp-content\/uploads\/2023\/01\/uam-260x252.jpg 260w, http:\/\/za.uap.edu.pl\/wp-content\/uploads\/2023\/01\/uam-160x155.jpg 160w\" sizes=\"(max-width: 596px) 100vw, 596px\" \/><\/figure><div class=\"wp-block-media-text__content\">\n<p class=\"has-large-font-size\"><\/p>\n<\/div><\/div>\n","protected":false},"excerpt":{"rendered":"<p>1\u20132(41\u201342)\/2022 Temat numeru: Kongo w P\/poznaniu. Kongo w dzia\u0142aniu Redaktor prowadz\u0105cy:&nbsp;dr Jan Wasiewicz, ad. Spis tre\u015bci: Jan Wasiewicz Wst\u0119p Kongo w Poznaniu Bogumi\u0142 Jewsiewicki \/ Wojciech Luchowski O wystawie &#8222;Kongijczyk\u00f3w portret w\u0142asny. Malarstwo kongijskie 1960\u20131990&#8221; w Centrum Kultury ZAMEK w&hellip;<\/p>\n<p class=\"more-link-p\"><a class=\"more-link\" href=\"http:\/\/za.uap.edu.pl\/?page_id=1544\">Read more &rarr;<\/a><\/p>\n","protected":false},"author":3,"featured_media":0,"parent":0,"menu_order":0,"comment_status":"closed","ping_status":"closed","template":"","meta":[],"_links":{"self":[{"href":"http:\/\/za.uap.edu.pl\/index.php?rest_route=\/wp\/v2\/pages\/1544"}],"collection":[{"href":"http:\/\/za.uap.edu.pl\/index.php?rest_route=\/wp\/v2\/pages"}],"about":[{"href":"http:\/\/za.uap.edu.pl\/index.php?rest_route=\/wp\/v2\/types\/page"}],"author":[{"embeddable":true,"href":"http:\/\/za.uap.edu.pl\/index.php?rest_route=\/wp\/v2\/users\/3"}],"replies":[{"embeddable":true,"href":"http:\/\/za.uap.edu.pl\/index.php?rest_route=%2Fwp%2Fv2%2Fcomments&post=1544"}],"version-history":[{"count":15,"href":"http:\/\/za.uap.edu.pl\/index.php?rest_route=\/wp\/v2\/pages\/1544\/revisions"}],"predecessor-version":[{"id":1679,"href":"http:\/\/za.uap.edu.pl\/index.php?rest_route=\/wp\/v2\/pages\/1544\/revisions\/1679"}],"wp:attachment":[{"href":"http:\/\/za.uap.edu.pl\/index.php?rest_route=%2Fwp%2Fv2%2Fmedia&parent=1544"}],"curies":[{"name":"wp","href":"https:\/\/api.w.org\/{rel}","templated":true}]}}