{"id":1644,"date":"2023-03-10T12:27:44","date_gmt":"2023-03-10T12:27:44","guid":{"rendered":"http:\/\/za.uap.edu.pl\/?page_id=1644"},"modified":"2023-03-10T12:29:02","modified_gmt":"2023-03-10T12:29:02","slug":"tkanina-artystyczna-wobec-wspolczesnosci","status":"publish","type":"page","link":"http:\/\/za.uap.edu.pl\/?page_id=1644","title":{"rendered":"TKANINA ARTYSTYCZNA. Wobec wsp\u00f3\u0142czesno\u015bci"},"content":{"rendered":"\n<p><\/p>\n\n\n\n<p>Pocz\u0105tkowo jedynie praktyczna, u\u017cytkowa, blisko naszego cia\u0142a i w przestrzeni naszych domostw. Towarzysz\u0105ca nam w sferze publicznej. Nast\u0119pnie sta\u0142a si\u0119 r\u00f3wnie\u017c&nbsp; form\u0105 dekoracyjn\u0105, zdobi\u0142a \u015bciany i meble. Jednak\u017ce wci\u0105\u017c podrz\u0119dna, drugoplanowa, niesamodzielna. W ko\u0144cu zosta\u0142a uwolniona&#8230;<\/p>\n\n\n\n<p>Droga ku ukonstytuowaniu si\u0119 tkaniny artystycznej jako indywidualnego, nadrz\u0119dnego \u015brodka wyrazu artystycznego by\u0142a d\u0142uga, mo\u017cna stwierdzi\u0107, \u017ce tak\u017ce do\u015b\u0107 wyboista. Pomin\u0119 wielowiekow\u0105 tradycj\u0119 (maj\u0105c\u0105 swoje pocz\u0105tki w V tysi\u0105cleciu przed nasz\u0105 er\u0105<sup>[1]<\/sup>), kt\u00f3ra stworzy\u0142a fundamenty pod (wsp\u00f3\u0142czesn\u0105) tkanin\u0119, przechodz\u0105c od razu do lat (w Polsce 50.<sup>[2]<\/sup>), szerzej &#8211; 60. XX wieku, kiedy to tzw. sztuka w\u0142\u00f3kna (w rozumieniu <em>art<\/em>) zaprzesta\u0142a by\u0107 jedynie t\u0105, za pomoc\u0105 kt\u00f3rej by\u0142y realizowane gobeliny z malarskich muster, a dzi\u0119ki ju\u017c s\u0142ynnej wystawie w Lozannie, kiedy to nast\u0105pi\u0142 prze\u0142om, sta\u0142a si\u0119 samodzieln\u0105 form\u0105 obrazowania i wyrazu. Wed\u0142ug historycznych opracowa\u0144, zmiany zosta\u0142y zapocz\u0105tkowane w 1961 roku. W\u00f3wczas wprowadzono (przy wsparciu dyrektor\u00f3w muze\u00f3w oraz polityk\u00f3w loza\u0144skich) przez CITAM (Centre International de la Tapisserie Ancienne et Moderne) kilka nowych regu\u0142, kt\u00f3re znacz\u0105co wp\u0142yn\u0119\u0142y na charakter prac prezentowanych podczas pierwszej, zapewne jednej z najwa\u017cniejszych &#8211; mi\u0119dzynarodowej wystawy tkaniny artystycznej. Od tego czasu wydarzy\u0142o si\u0119 bardzo du\u017co. Odby\u0142o si\u0119 wiele wystaw i powsta\u0142y liczne instytucje po\u015bwi\u0119cone tkaninie. Zapytajmy jak jest dzi\u015b&#8230;.<\/p>\n\n\n\n<p>Jak jest dzi\u015b po wielu rewolucyjnych zwrotach, dok\u0105d zmierza, o czym m\u00f3wi, jaki przekaz ze sob\u0105 niesie, co sob\u0105 wyra\u017ca? Czy wsp\u00f3\u0142cze\u015bnie poprzez tkanin\u0119 artystyczn\u0105\/unikatow\u0105 mo\u017cemy snu\u0107 historie przesz\u0142o\u015bci, przekazywa\u0107 informacje, opowiada\u0107 o codzienno\u015bci, przepowiada\u0107 przysz\u0142o\u015b\u0107, m\u00f3wi\u0107 o niewygodnych, czasem trudnych tematach spo\u0142ecznych (w mikro i makro uj\u0119ciu) albo wyra\u017ca\u0107 sprzeciw analogicznie do protest song\u00f3w?<\/p>\n\n\n\n<p>Podobnie jak w ramach innych dziedzin sztuk plastycznych, tak\u017ce i w obszarze wsp\u00f3\u0142czesnej tkaniny artystycznej\/unikatowej aktualnie wyst\u0119puj\u0105 r\u00f3\u017cne nurty, mo\u017cna wyodr\u0119bni\u0107 \u015bcie\u017cki tw\u00f3rcze czy badawcze. Wobec tego, w jaki spos\u00f3b kszta\u0142tuje si\u0119 ona obecnie? Kt\u00f3re w\u0105tki wysuwaj\u0105 si\u0119 na pierwszy plan? Co dominuje na salonach najwa\u017cniejszych pokaz\u00f3w, wystaw, konkurs\u00f3w <em>contemporary textile<\/em> oraz <em>fiber art<\/em> w Polsce i na \u015bwiecie? Czy zagadnienia poruszane przez osoby artystyczne dzia\u0142aj\u0105ce na polu sztuki w\u0142\u00f3kna rezonuj\u0105 ze wsp\u00f3\u0142czesnymi problemami \u015bwiata?<\/p>\n\n\n\n<div style=\"height:25px\" aria-hidden=\"true\" class=\"wp-block-spacer\"><\/div>\n\n\n\n<p>Proponowane tematy\/obszary:<\/p>\n\n\n\n<p>1. Tkanina artystyczna jako obszar notacji wsp\u00f3lnotowych spo\u0142ecznych wspomnie\u0144 i zagadnie\u0144.<\/p>\n\n\n\n<p>2. Tkanina artystyczna w \u015bwiecie technologii: BioTech Textile Art \/ Smart Textile Art.<\/p>\n\n\n\n<p>3. Tkanina artystyczna jako forma aktywizmu.<\/p>\n\n\n\n<p>4. Tkanina artystyczna w my\u015bl <em>eko<\/em>.<\/p>\n\n\n\n<p>5. Tkanina artystyczna w sferze wsp\u00f3\u0142czesnej praktyki edukacyjnej.<\/p>\n\n\n\n<p>6. Aktualne postawy tw\u00f3rcze, badawcze zwi\u0105zane ze wsp\u00f3\u0142czesn\u0105 tkanin\u0105 artystyczn\u0105.<\/p>\n\n\n\n<p>Zdaj\u0105c sobie spraw\u0119 z tego, jak aktualnie dynamicznie rozwijaj\u0105 i unikatowo rozga\u0142\u0119ziaj\u0105 si\u0119 poszczeg\u00f3lne obszary zwi\u0105zane ze wsp\u00f3\u0142cze\u015bnie pojmowan\u0105 tkanin\u0105 artystyczn\u0105, jeste\u015bmy otwarci tak\u017ce na teksty, kt\u00f3re b\u0119d\u0105 porusza\u0107 inn\u0105 problematyk\u0119, jak r\u00f3wnie\u017c na teksty po\u015bwi\u0119cone wybranym postawom artystycznym oraz poszczeg\u00f3lnym artyst(k)om.<\/p>\n\n\n\n<p>Do nadsy\u0142ania artyku\u0142\u00f3w zapraszamy badaczy_ki z r\u00f3\u017cnych obszar\u00f3w nauki, teoretyk\u00f3w_czki sztuki, kurator\u00f3w_ki czy artyst\u00f3w_ki.<\/p>\n\n\n\n<div style=\"height:25px\" aria-hidden=\"true\" class=\"wp-block-spacer\"><\/div>\n\n\n\n<p>Rozmiar tekst\u00f3w: 20-40 tys. znak\u00f3w ze spacjami.<\/p>\n\n\n\n<p>Termin: 9 lipiec 2023 r.<\/p>\n\n\n\n<p>E-mail: zeszyty.artystyczne@uap.edu.pl<\/p>\n\n\n\n<p>Szczeg\u00f3\u0142owe wytyczne redakcyjne dost\u0119pne pod adresem: <a href=\"http:\/\/za.uap.edu.pl\/?page_id=12\">http:\/\/za.uap.edu.pl\/?page_id=12<\/a><\/p>\n\n\n\n<hr class=\"wp-block-separator\"\/>\n\n\n\n<p><sub>[1] Stanis\u0142awa Czy\u017cykowska, <em>Tkactwo R\u0119czne<\/em>, (Warszawa: Wydawnictwo Watra, 1983), 13-16 oraz Irena Huml, <em>Wsp\u00f3\u0142czesna tkanina polska<\/em>. (Warszawa: Wydawnictwo Arkady, 1989), 7-11<\/sub><\/p>\n\n\n\n<p><sub>[2] Irena Huml, <em>Wsp\u00f3\u0142czesna tkanina polska<\/em>. (Warszawa: Wydawnictwo Arkady, 1989), 26<\/sub><\/p>\n\n\n\n<div style=\"height:131px\" aria-hidden=\"true\" class=\"wp-block-spacer\"><\/div>\n\n\n\n<p><\/p>\n\n\n\n<h1><strong>TEXTILE ART. In the face of contemporary times<\/strong><\/h1>\n\n\n\n<p>At the beginning, it was only practical, utilitarian, close to our bodies and in the space of our homes. It accompanied us in the public sphere; then, it also became a decorative form, decorating walls and furniture, but it was still subordinate, secondary, dependent. Finally, it was released&#8230;<\/p>\n\n\n\n<p>The path to textile art becoming an individual, superior means of artistic expression was a long one and \u2013 I guess one could say \u2013 also quite bumpy. I will skip the centuries-old tradition (having its origins in the fifth millennium BC<sup>[1]<\/sup>) that laid the foundations for (modern) textile art, instead going straight to the years (in Poland, this was the 1950s<sup>[2]<\/sup>, but more broadly it was the 1960s) when so-called fibre art (in the sense of <em>art<\/em>) ceased to be merely something with which the tapestries of the painterly masters were realized and \u2013 thanks to the already famous Lausanne exhibition, when the breakthrough occurred \u2013 became an independent form of imagery and expression. According to historical studies, these changes started in 1961. At that time, several new rules were introduced (with the support of museum directors and Lausanne politicians) by CITAM (Centre International de la Tapisserie Ancienne et Moderne) which significantly affected the nature of the works presented at the first and one of the most important international exhibitions of artistic textiles. A lot has happened since then. Many exhibitions have been held and numerous institutions dedicated to textile art have been established. Let&#8217;s take a look at what\u2019s happening today&#8230;<\/p>\n\n\n\n<p>How is textile art today after many revolutionary turns? Where is it going? What is it talking about? What message does it carry? What does it express? Through textile art, can we weave stories of the past, provide information, inform about everyday life, foretell the future, talk about uncomfortable social topics (in micro and macro terms) or, analogously to protest songs, express opposition?<\/p>\n\n\n\n<p>As within other fields of fine arts, in the area of contemporary textile art there are different trends and creative research paths. In view of this, how is it currently shaping up? Which themes stand out? What dominates the salons of the most important shows, exhibitions and competitions of contemporary textile and fibre art in Poland and abroad? Do the issues raised by fibre art practitioners resonate with contemporary world issues?<\/p>\n\n\n\n<div style=\"height:25px\" aria-hidden=\"true\" class=\"wp-block-spacer\"><\/div>\n\n\n\n<p>Proposed topics\/areas:<\/p>\n\n\n\n<p>1. Textile art as an area of collective consciousness, common knowledge and experience.<\/p>\n\n\n\n<p>2. Textile art in the world of technology: BioTech Textile Art \/ Smart Textile Art.<\/p>\n\n\n\n<p>3. Textile art as a form of activism.<\/p>\n\n\n\n<p>4. Textile art in the idea of <em>eco<\/em>.<\/p>\n\n\n\n<p>5. Textile art in the sphere of contemporary educational practice.<\/p>\n\n\n\n<p>6. Current creative research attitudes related to contemporary textile art.<\/p>\n\n\n\n<p>Being aware of the current dynamic development and unique branching of the various areas related to contemporary textile art, we are also open to texts that address other issues, as well as texts dedicated to selected artistic attitudes and individual artists.<\/p>\n\n\n\n<p>We invite researchers from different areas of science, art theorists, curators or artists to submit articles.<\/p>\n\n\n\n<div style=\"height:25px\" aria-hidden=\"true\" class=\"wp-block-spacer\"><\/div>\n\n\n\n<p>Size of texts: 20-40 thousand characters with spaces.<\/p>\n\n\n\n<p>Deadline: 9th of July 2023.<\/p>\n\n\n\n<p>E-mail: zeszyty.artystyczne@uap.edu.pl<\/p>\n\n\n\n<p>Detailed editorial guidelines available at: <a href=\"http:\/\/za.uap.edu.pl\/?page_id=12\">http:\/\/za.uap.edu.pl\/?page_id=12<\/a><\/p>\n\n\n\n<hr class=\"wp-block-separator\"\/>\n\n\n\n<p><sub>[1] Stanis\u0142awa Czy\u017cykowska, <em>Tkactwo R\u0119czne<\/em>, (Warszawa: Wydawnictwo Watra, 1983), 13-16 oraz Irena Huml, <em>Wsp\u00f3\u0142czesna tkanina polska<\/em>. (Warszawa: Wydawnictwo Arkady, 1989), 7-11<\/sub><\/p>\n\n\n\n<p><sub>[2] Irena Huml, <em>Wsp\u00f3\u0142czesna tkanina polska<\/em>. (Warszawa: Wydawnictwo Arkady, 1989), 26<\/sub><\/p>\n","protected":false},"excerpt":{"rendered":"<p>Pocz\u0105tkowo jedynie praktyczna, u\u017cytkowa, blisko naszego cia\u0142a i w przestrzeni naszych domostw. Towarzysz\u0105ca nam w sferze publicznej. Nast\u0119pnie sta\u0142a si\u0119 r\u00f3wnie\u017c&nbsp; form\u0105 dekoracyjn\u0105, zdobi\u0142a \u015bciany i meble. Jednak\u017ce wci\u0105\u017c podrz\u0119dna, drugoplanowa, niesamodzielna. W ko\u0144cu zosta\u0142a uwolniona&#8230; Droga ku ukonstytuowaniu si\u0119&hellip;<\/p>\n<p class=\"more-link-p\"><a class=\"more-link\" href=\"http:\/\/za.uap.edu.pl\/?page_id=1644\">Read more &rarr;<\/a><\/p>\n","protected":false},"author":3,"featured_media":0,"parent":0,"menu_order":0,"comment_status":"closed","ping_status":"closed","template":"","meta":[],"_links":{"self":[{"href":"http:\/\/za.uap.edu.pl\/index.php?rest_route=\/wp\/v2\/pages\/1644"}],"collection":[{"href":"http:\/\/za.uap.edu.pl\/index.php?rest_route=\/wp\/v2\/pages"}],"about":[{"href":"http:\/\/za.uap.edu.pl\/index.php?rest_route=\/wp\/v2\/types\/page"}],"author":[{"embeddable":true,"href":"http:\/\/za.uap.edu.pl\/index.php?rest_route=\/wp\/v2\/users\/3"}],"replies":[{"embeddable":true,"href":"http:\/\/za.uap.edu.pl\/index.php?rest_route=%2Fwp%2Fv2%2Fcomments&post=1644"}],"version-history":[{"count":4,"href":"http:\/\/za.uap.edu.pl\/index.php?rest_route=\/wp\/v2\/pages\/1644\/revisions"}],"predecessor-version":[{"id":1648,"href":"http:\/\/za.uap.edu.pl\/index.php?rest_route=\/wp\/v2\/pages\/1644\/revisions\/1648"}],"wp:attachment":[{"href":"http:\/\/za.uap.edu.pl\/index.php?rest_route=%2Fwp%2Fv2%2Fmedia&parent=1644"}],"curies":[{"name":"wp","href":"https:\/\/api.w.org\/{rel}","templated":true}]}}