{"id":1861,"date":"2024-05-15T15:24:22","date_gmt":"2024-05-15T15:24:22","guid":{"rendered":"https:\/\/za.uap.edu.pl\/?page_id=1861"},"modified":"2024-05-24T14:39:37","modified_gmt":"2024-05-24T14:39:37","slug":"etyka-publikacji","status":"publish","type":"page","link":"http:\/\/za.uap.edu.pl\/?page_id=1861","title":{"rendered":"Etyka publikacji"},"content":{"rendered":"\n<p>Redakcja \u201eZeszyt\u00f3w Artystycznych\u201d w 2012 roku, w celu przeciwdzia\u0142ania przypadkom typu \u201eghostwriting\u201d, \u201eguest authorship\u201d itp., wdro\u017cy\u0142a procedur\u0119 zabezpieczaj\u0105c\u0105 oryginalno\u015b\u0107 publikacji naukowych oraz dokumentuje wszelkie przejawy nierzetelno\u015bci naukowej, zw\u0142aszcza \u0142amania i naruszania zasad etyki obowi\u0105zuj\u0105cych w nauce, zawartych w standardach COPE (Committee on Publication Ethics).<\/p>\n\n\n\n<div style=\"height:20px\" aria-hidden=\"true\" class=\"wp-block-spacer\"><\/div>\n\n\n\n<p>W kwestiach etyki publikacji, tak\u017ce niewymienionych poni\u017cej redakcja kieruje si\u0119 wytycznymi\u00a0Komitetu do spraw Etyki Publikacyjnej (<a href=\"https:\/\/publicationethics.org\/\" data-type=\"URL\" data-id=\"https:\/\/publicationethics.org\/\">COPE<\/a>).<\/p>\n\n\n\n<div style=\"height:20px\" aria-hidden=\"true\" class=\"wp-block-spacer\"><\/div>\n\n\n\n<p>Kwestie autorstwa&nbsp;<\/p>\n\n\n\n<ul><li>Osoby autorskie powinni wnie\u015b\u0107 istotny wk\u0142ad w koncepcj\u0119, wykonanie lub interpretacj\u0119 zawart\u0105 w zg\u0142aszanym artykule naukowym.<\/li><li>Wszystkie osoby autorskie musz\u0105 mie\u0107 znacz\u0105cy udzia\u0142 w pracy i wzi\u0105\u0107 jawn\u0105 odpowiedzialno\u015b\u0107 za odpowiednie cz\u0119\u015bci tre\u015bci artyku\u0142u naukowego.<\/li><li>Wk\u0142ad danej osoby w intelektualn\u0105 zawarto\u015b\u0107 manuskryptu powinien by\u0107 odpowiednio oznaczony.<\/li><li>Wszelkie osoby, kt\u00f3re nie spe\u0142niaj\u0105 kryteri\u00f3w autorstwa, ale przyczyni\u0142y si\u0119 do powstania tekstu w inny spos\u00f3b, powinny zosta\u0107 odpowiednio uwzgl\u0119dnione w zg\u0142aszanym manuskrypcie.<\/li><li>Kolejno\u015b\u0107 os\u00f3b autorskich powinna by\u0107 ustalona na podstawie wymiaru ich wk\u0142adu w tekst.<\/li><li>W przypadkach, gdy osoby autorskie wnios\u0142y r\u00f3wny wk\u0142ad lub ich wk\u0142ad ma podobny wymiar, nale\u017cy zastosowa\u0107 kolejno\u015b\u0107 alfabetyczn\u0105.<\/li><li>Wszelkie zmiany w autorstwie, w tym dodanie, usuni\u0119cie lub zmiana kolejno\u015bci os\u00f3b autorskich, musz\u0105 zosta\u0107 zatwierdzone przez wszystkich zaanga\u017cowanych w powstanie tekstu.<\/li><li>Wnioski o zmian\u0119 autorstwa nale\u017cy sk\u0142ada\u0107 na pi\u015bmie za po\u015brednictwem poczty elektronicznej do redakcji&nbsp; wraz z wyja\u015bnieniem przyczyny zmiany.<\/li><li>Osoby autorskie powinny przestrzega\u0107 wytycznych i standard\u00f3w etycznych zwi\u0105zanych z prowadzonymi badaniami i analizami, w tym tych zwi\u0105zanych z plagiatem, fabrykowaniem danych i niew\u0142a\u015bciwym post\u0119powaniem badawczym.<\/li><li>Osoby autorskie udost\u0119pniaj\u0105 sw\u00f3j tekst na zasadach Open Access na licencji Creative Commons Uznanie Autorstwa 4.0 Mi\u0119dzynarodowe. Oznacza to, \u017ce oryginalne teksty mog\u0105 by\u0107 przetwarzane, kopiowane i rozpowszechniane w dowolnym medium lub formacie, w tym komercyjnie, pod warunkiem uznania autorstwa. Postanowienia licencji Creative Commons dotycz\u0105ce ponownego wykorzystania nie maj\u0105 zastosowania do tre\u015bci, kt\u00f3re nie s\u0105 pierwotne dla danej publikacji Open Access (np. wykresy, grafiki, rysunki, zdj\u0119cia, dokumenty, reprodukcje dzie\u0142, cytaty itp.). W takich przypadkach mo\u017ce by\u0107 wymagana zgoda osoby maj\u0105cej prawa do tych materia\u0142\u00f3w. Obowi\u0105zek uzyskania odpowiednich informacji i zgody spoczywa na osobie wykorzystuj\u0105cej taki materia\u0142.<\/li><\/ul>\n\n\n\n<div style=\"height:20px\" aria-hidden=\"true\" class=\"wp-block-spacer\"><\/div>\n\n\n\n<p>Za\u017calenia i odwo\u0142ania&nbsp;<\/p>\n\n\n\n<ul><li>Osoby przesy\u0142aj\u0105ce manuskrypty do czasopisma s\u0105 zobowi\u0105zane do zapoznania si\u0119 i przestrzegania zasad czasopisma dotycz\u0105cych autorstwa i standard\u00f3w etycznych.<\/li><li>Nieprzestrzeganie niniejszych zasad mo\u017ce skutkowa\u0107 odrzuceniem manuskryptu.&nbsp;<\/li><li>Za\u017calenia mog\u0105 by\u0107 sk\u0142adane przez osoby autorskie, recenzenckie, redaktorskie lub innych interesariuszy zaanga\u017cowanych w procesy czasopisma.&nbsp;<\/li><li>Za\u017calenia nale\u017cy sk\u0142ada\u0107 w formie pisemnej za po\u015brednictwem poczty elektronicznej na adres redakcji czasopisma.<\/li><li>Za\u017calenie powinno zawiera\u0107 klarowny opis problemu wraz z odpowiedni\u0105 dokumentacj\u0105 uzupe\u0142niaj\u0105c\u0105.<\/li><li>Po otrzymaniu za\u017calenia redakcja przeprowadzi wst\u0119pn\u0105 ocen\u0119 w celu okre\u015blenia charakteru i wagi problemu.<\/li><li>Za\u017calenia zwi\u0105zane z decyzjami redakcyjnymi, przyjmowaniem manuskrypt\u00f3w lub kwestiami etycznymi zostan\u0105 dok\u0142adnie przeanalizowane przez zesp\u00f3\u0142 redakcyjny.<\/li><li>W zale\u017cno\u015bci od charakteru za\u017calenia, zesp\u00f3\u0142 redakcyjny mo\u017ce przeprowadzi\u0107 dochodzenie obejmuj\u0105ce konsultacje z odpowiednimi stronami, takimi jak osoby autorskie, recenzenckie lub eksperckie.<\/li><li>Po zako\u0144czeniu dochodzenia zesp\u00f3\u0142 redakcyjny okre\u015bli odpowiednie rozwi\u0105zanie w celu rozpatrzenia za\u017calenia.<\/li><li>Mo\u017cliwe rozwi\u0105zania mog\u0105 obejmowa\u0107:<\/li><\/ul>\n\n\n\n<ol><li>Ponown\u0105 ocen\u0119 decyzji redakcyjnych lub procedur post\u0119powania z manuskryptem.<\/li><li>Korekt\u0119, wycofanie lub inne dzia\u0142anie maj\u0105ce na celu rozwi\u0105zanie w\u0105tpliwo\u015bci etycznych lub b\u0142\u0119d\u00f3w w opublikowanych tre\u015bciach.<\/li><li>Przekazanie wyja\u015bnienia zainteresowanym stronom dotycz\u0105cego zasad lub procedur czasopisma.<\/li><\/ol>\n\n\n\n<ul><li>Wszystkie za\u017calenia i odwo\u0142ania b\u0119d\u0105 traktowane z zachowaniem najwy\u017cszej poufno\u015bci, a informacje b\u0119d\u0105 udost\u0119pniane wy\u0142\u0105cznie osobom bezpo\u015brednio zaanga\u017cowanym w proces rozstrzygania.<\/li><\/ul>\n\n\n\n<div style=\"height:20px\" aria-hidden=\"true\" class=\"wp-block-spacer\"><\/div>\n\n\n\n<p>Zasady czasopisma dotycz\u0105ce konfliktu interes\u00f3w<\/p>\n\n\n\n<ul><li>Osoby autorskie, recenzuj\u0105ce oraz redakcyjne s\u0105 zobowi\u0105zane do ujawnienia wszelkich potencjalnych konflikt\u00f3w interes\u00f3w, kt\u00f3re mog\u0105 mie\u0107 wp\u0142yw na interpretacj\u0119, prezentacj\u0119 wynik\u00f3w bada\u0144, analiz oraz ich recepcj\u0119.&nbsp;<\/li><li>Konflikty interes\u00f3w mog\u0105 obejmowa\u0107 kwestie finansowe, powi\u0105zania zawodowe lub relacje osobiste, kt\u00f3re mog\u0105 wp\u0142ywa\u0107 na wyniki bada\u0144, ryzyko podwa\u017cenia wiarygodno\u015bci autor\u00f3w i czasopisma.<br><\/li><\/ul>\n\n\n\n<div style=\"height:20px\" aria-hidden=\"true\" class=\"wp-block-spacer\"><\/div>\n\n\n\n<p>Kwestie etyczne i dotycz\u0105ce ochrony w\u0142asno\u015bci intelektualnej<\/p>\n\n\n\n<ul><li>Od os\u00f3b autorskich oczekuje si\u0119 prowadzenia bada\u0144 zgodnie z zasadami etycznymi i wytycznymi dotycz\u0105cymi ich dyscypliny.<\/li><li>Plagiat, w tym dos\u0142owne lub prawie dos\u0142owne kopiowanie tekstu, pomys\u0142\u00f3w lub danych bez odpowiedniego zaznaczenia tego w tek\u015bcie, jest surowo zabronione.&nbsp;<\/li><li>Osoby autorskie powinny upewni\u0107 si\u0119, \u017ce ich manuskrypt zawiera oryginaln\u0105 tre\u015b\u0107 i odpowiednio cytuje \u017ar\u00f3d\u0142a, aby unikn\u0105\u0107 plagiatu.<\/li><li>Osoby autorskie powinny poda\u0107 odpowiednie cytaty do oryginalnych \u017ar\u00f3de\u0142, gdy wykorzystuj\u0105 dost\u0119pne istniej\u0105ce dane, informacje i tre\u015bci w swoich analizach.<\/li><li>Cytaty w tek\u015bcie i odniesienia do \u017ar\u00f3de\u0142 danych powinny by\u0107 wskazane w bibliografii.<\/li><li>Powielaj\u0105c lub opieraj\u0105c si\u0119 na wcze\u015bniej opublikowanych analizach, osoby autorskie powinny poda\u0107 odpowiednie cytaty do oryginalnej pracy.<\/li><li>Manuskrypty przes\u0142ane do czasopisma nie powinny by\u0107 jednocze\u015bnie rozwa\u017cane do publikacji w innym miejscu, ani nie powinny by\u0107 wcze\u015bniej publikowane w ca\u0142o\u015bci lub w cz\u0119\u015bci.<\/li><\/ul>\n\n\n\n<div style=\"height:20px\" aria-hidden=\"true\" class=\"wp-block-spacer\"><\/div>\n\n\n\n<p>Kwestie dotycz\u0105ce modyfikacji i poprawy tekstu po jego opublikowaniu<\/p>\n\n\n\n<ul><li>W przypadkach, gdy w opublikowanych artyku\u0142ach zostan\u0105 zidentyfikowane b\u0142\u0119dy, nie\u015bcis\u0142o\u015bci lub pomini\u0119cia, czasopismo rozwa\u017cy\u0107 mo\u017ce wydanie poprawek lub erraty.<\/li><li>W przypadkach powa\u017cnych uchybie\u0144 etycznych, b\u0105d\u017a badawczych czasopismo mo\u017ce rozwa\u017cy\u0107 wycofanie opublikowanego artyku\u0142u.<\/li><li>Wszystkie wnioski o poprawki lub aktualizacj\u0119 tekstu po publikacji powinny by\u0107 sk\u0142adane do redakcji czasopisma wraz z dokumentacj\u0105 uzupe\u0142niaj\u0105c\u0105 lub dowodami.<\/li><li>Zesp\u00f3\u0142 redakcyjny oceni zasadno\u015b\u0107 i znaczenie wniosku, a w razie potrzeby skonsultuje si\u0119 z zainteresowanymi stronami, w tym z osobami autorskimi, recenzenckimi i osobami cz\u0142onkowskimi zasiadaj\u0105cymi w radzie redakcyjnej.<\/li><\/ul>\n","protected":false},"excerpt":{"rendered":"<p>Redakcja \u201eZeszyt\u00f3w Artystycznych\u201d w 2012 roku, w celu przeciwdzia\u0142ania przypadkom typu \u201eghostwriting\u201d, \u201eguest authorship\u201d itp., wdro\u017cy\u0142a procedur\u0119 zabezpieczaj\u0105c\u0105 oryginalno\u015b\u0107 publikacji naukowych oraz dokumentuje wszelkie przejawy nierzetelno\u015bci naukowej, zw\u0142aszcza \u0142amania i naruszania zasad etyki obowi\u0105zuj\u0105cych w nauce, zawartych w standardach COPE&hellip;<\/p>\n<p class=\"more-link-p\"><a class=\"more-link\" href=\"http:\/\/za.uap.edu.pl\/?page_id=1861\">Read more &rarr;<\/a><\/p>\n","protected":false},"author":3,"featured_media":0,"parent":0,"menu_order":0,"comment_status":"closed","ping_status":"closed","template":"","meta":[],"_links":{"self":[{"href":"http:\/\/za.uap.edu.pl\/index.php?rest_route=\/wp\/v2\/pages\/1861"}],"collection":[{"href":"http:\/\/za.uap.edu.pl\/index.php?rest_route=\/wp\/v2\/pages"}],"about":[{"href":"http:\/\/za.uap.edu.pl\/index.php?rest_route=\/wp\/v2\/types\/page"}],"author":[{"embeddable":true,"href":"http:\/\/za.uap.edu.pl\/index.php?rest_route=\/wp\/v2\/users\/3"}],"replies":[{"embeddable":true,"href":"http:\/\/za.uap.edu.pl\/index.php?rest_route=%2Fwp%2Fv2%2Fcomments&post=1861"}],"version-history":[{"count":3,"href":"http:\/\/za.uap.edu.pl\/index.php?rest_route=\/wp\/v2\/pages\/1861\/revisions"}],"predecessor-version":[{"id":1882,"href":"http:\/\/za.uap.edu.pl\/index.php?rest_route=\/wp\/v2\/pages\/1861\/revisions\/1882"}],"wp:attachment":[{"href":"http:\/\/za.uap.edu.pl\/index.php?rest_route=%2Fwp%2Fv2%2Fmedia&parent=1861"}],"curies":[{"name":"wp","href":"https:\/\/api.w.org\/{rel}","templated":true}]}}