{"id":352,"date":"2017-02-24T15:52:15","date_gmt":"2017-02-24T15:52:15","guid":{"rendered":"http:\/\/za.uap.edu.pl\/?page_id=352"},"modified":"2019-03-26T08:24:05","modified_gmt":"2019-03-26T08:24:05","slug":"20-2","status":"publish","type":"page","link":"http:\/\/za.uap.edu.pl\/?page_id=352","title":{"rendered":"20"},"content":{"rendered":"<p>20 \/ 2011<\/p>\n<p>Biennale Grafiki Studenckiej 1999\u20132009 \/ Grafika<\/p>\n<p><a href=\"http:\/\/za.uap.edu.pl\/wp-content\/uploads\/2018\/07\/Cz213_2010_z20-compressed.pdf\">ZESZYTY ARTYSTYCZNE \/ nr 20<\/a><\/p>\n<p>&#8212;&#8212;&#8212;&#8212;&#8212;&#8212;&#8212;&#8212;&#8212;&#8212;&#8212;&#8212;&#8212;&#8212;-<\/p>\n<p><a href=\"http:\/\/za.uap.edu.pl\/wp-content\/uploads\/2012\/02\/ZA_20_Face.jpg\"><img loading=\"lazy\" class=\"alignnone wp-image-178\" src=\"http:\/\/za.uap.edu.pl\/wp-content\/uploads\/2012\/02\/ZA_20_Face.jpg\" alt=\"ZA_20_Face\" width=\"650\" height=\"1060\" \/><\/a><\/p>\n<p>&nbsp;<\/p>\n<p>&nbsp;<\/p>\n<p>Do udzia\u0142u zaproszono wybitnych artyst\u00f3w grafik\u00f3w, socjolog\u00f3w i krytyk\u00f3w sztuki. Byli to:<\/p>\n<p>prof. Grzegorz Banaszkiewicz, Instytut Plastyki Akademii im. Jana D\u0142ugosza w Cz\u0119stochowie<br \/>\nprof. Jan Berdyszak, ASP w Poznaniu<br \/>\nprof. UAM Rafa\u0142 Drozdowski, UAM w Poznaniu<br \/>\ndr Sebastian Dudzik, UMK w Toruniu<br \/>\nprof. Pawe\u0142 Fr\u0105ckiewicz, ASP we Wroc\u0142awiu<br \/>\ndr Dariusz Gajewski, ASP w Katowicach<br \/>\ndr Jerzy Kaczmarek, UAM w Poznaniu<br \/>\nprof. Miros\u0142aw Paw\u0142owski, ASP w Poznaniu<br \/>\ndr Marta Raczek, Stowarzyszenie Mi\u0119dzynarodowe Triennale Grafiki w Krakowie<br \/>\nprof. Adam Romaniuk, ASP w Katowicach<br \/>\nZofia Starikiewicz, Galeria Miejska Arsena\u0142 w Poznaniu<\/p>\n<p>W 20. numerze \u201eZeszyt\u00f3w Artystycznych\u201d zebrano teksty (z wyj\u0105tkiem wyst\u0105pie\u0144 prof. Jana Berdyszaka i Zofii Starikiewicz, kt\u00f3re zagin\u0119\u0142y), kt\u00f3re powsta\u0142y z okazji konferencji oraz inne, napisane jako ci\u0105g dalszy dyskusji o grafice: prof. Janusza Akermanna \u2013 ASP Gda\u0144sk, Kamila Banacha \u2013 UA Pozna\u0144, Agnieszki Cholewi\u0144skiej \u2013 UA Pozna\u0144, prof. Stefana Ficnera \u2013 UA Pozna\u0144, Marka Glinkowskiego \u2013 UA Pozna\u0144, prof. Jerzego Hejnowicza \u2013 UA Pozna\u0144, dr hab. Macieja Kuraka \u2013 UA Pozna\u0144, prof. Henryka O\u017coga \u2013 ASP Krak\u00f3w, prof. Mariusza Pa\u0142ki \u2013 ASP Katowice, Agnieszki Popek-Banach \u2013 Pozna\u0144, Maksymiliana Skorwidera \u2013 UA Pozna\u0144, dr hab. Agaty St\u0119pie\u0144 \u2013 ASP \u0141\u00f3d\u017a, Aleksandry Winnickiej \u2013 Pozna\u0144.<\/p>\n<p>&nbsp;<\/p>\n<p>&nbsp;<\/p>\n","protected":false},"excerpt":{"rendered":"<p>20 \/ 2011 Biennale Grafiki Studenckiej 1999\u20132009 \/ Grafika ZESZYTY ARTYSTYCZNE \/ nr 20 &#8212;&#8212;&#8212;&#8212;&#8212;&#8212;&#8212;&#8212;&#8212;&#8212;&#8212;&#8212;&#8212;&#8212;- &nbsp; &nbsp; Do udzia\u0142u zaproszono wybitnych artyst\u00f3w grafik\u00f3w, socjolog\u00f3w i krytyk\u00f3w sztuki. Byli to: prof. Grzegorz Banaszkiewicz, Instytut Plastyki Akademii im. Jana D\u0142ugosza w Cz\u0119stochowie&hellip;<\/p>\n<p class=\"more-link-p\"><a class=\"more-link\" href=\"http:\/\/za.uap.edu.pl\/?page_id=352\">Read more &rarr;<\/a><\/p>\n","protected":false},"author":3,"featured_media":0,"parent":0,"menu_order":0,"comment_status":"closed","ping_status":"closed","template":"","meta":[],"_links":{"self":[{"href":"http:\/\/za.uap.edu.pl\/index.php?rest_route=\/wp\/v2\/pages\/352"}],"collection":[{"href":"http:\/\/za.uap.edu.pl\/index.php?rest_route=\/wp\/v2\/pages"}],"about":[{"href":"http:\/\/za.uap.edu.pl\/index.php?rest_route=\/wp\/v2\/types\/page"}],"author":[{"embeddable":true,"href":"http:\/\/za.uap.edu.pl\/index.php?rest_route=\/wp\/v2\/users\/3"}],"replies":[{"embeddable":true,"href":"http:\/\/za.uap.edu.pl\/index.php?rest_route=%2Fwp%2Fv2%2Fcomments&post=352"}],"version-history":[{"count":5,"href":"http:\/\/za.uap.edu.pl\/index.php?rest_route=\/wp\/v2\/pages\/352\/revisions"}],"predecessor-version":[{"id":737,"href":"http:\/\/za.uap.edu.pl\/index.php?rest_route=\/wp\/v2\/pages\/352\/revisions\/737"}],"wp:attachment":[{"href":"http:\/\/za.uap.edu.pl\/index.php?rest_route=%2Fwp%2Fv2%2Fmedia&parent=352"}],"curies":[{"name":"wp","href":"https:\/\/api.w.org\/{rel}","templated":true}]}}