{"id":471,"date":"2017-02-24T16:55:46","date_gmt":"2017-02-24T16:55:46","guid":{"rendered":"http:\/\/za.uap.edu.pl\/?page_id=471"},"modified":"2019-03-26T08:29:56","modified_gmt":"2019-03-26T08:29:56","slug":"26-2","status":"publish","type":"page","link":"http:\/\/za.uap.edu.pl\/?page_id=471","title":{"rendered":"26"},"content":{"rendered":"<p><span style=\"font-family: 'Times New Roman', serif;\"><span style=\"font-size: medium;\"><b>26 \/ 2015<\/b><\/span><\/span><\/p>\n<p><a href=\"http:\/\/za.uap.edu.pl\/wp-content\/uploads\/2018\/07\/Cz213_2015_nr26.pdf\">ZESZYTY ARTYSTYCZNE \/ nr 26<\/a><\/p>\n<p>&#8212;&#8212;&#8212;&#8212;&#8212;&#8212;&#8212;&#8212;&#8212;&#8212;&#8212;&#8212;&#8212;&#8212;-<\/p>\n<p><span style=\"font-family: 'Times New Roman', serif;\"><span style=\"font-size: medium;\"><i><b>Aksjologiczne granice sztuki<\/b><\/i><\/span><\/span><\/p>\n<p><a href=\"http:\/\/za.uap.edu.pl\/wp-content\/uploads\/2012\/02\/ZeszytyArt_26-okladka-1.jpg\"><img loading=\"lazy\" class=\"alignnone size-full wp-image-292\" src=\"http:\/\/za.uap.edu.pl\/wp-content\/uploads\/2012\/02\/ZeszytyArt_26-okladka-1.jpg\" alt=\"zeszytyart_26-okladka-1\" width=\"703\" height=\"1003\" srcset=\"http:\/\/za.uap.edu.pl\/wp-content\/uploads\/2012\/02\/ZeszytyArt_26-okladka-1.jpg 703w, http:\/\/za.uap.edu.pl\/wp-content\/uploads\/2012\/02\/ZeszytyArt_26-okladka-1-210x300.jpg 210w, http:\/\/za.uap.edu.pl\/wp-content\/uploads\/2012\/02\/ZeszytyArt_26-okladka-1-560x799.jpg 560w, http:\/\/za.uap.edu.pl\/wp-content\/uploads\/2012\/02\/ZeszytyArt_26-okladka-1-260x371.jpg 260w, http:\/\/za.uap.edu.pl\/wp-content\/uploads\/2012\/02\/ZeszytyArt_26-okladka-1-160x228.jpg 160w\" sizes=\"(max-width: 703px) 100vw, 703px\" \/><\/a><\/p>\n<p>Redaktor prowadz\u0105cy: Mateusz Bieczy\u0144ski<\/p>\n<p>Spis tre\u015bci:<\/p>\n<ul>\n<li>Mateusz Bieczy\u0144ski \/ <i>Prawo i estetyka \u2013 zewn\u0119trzna i wewn\u0119trzna normatywno\u015b\u0107 sztuki<\/i><\/li>\n<li>Filip Ciep\u0142y \/ <i>Preferencje aksjologiczne ustrojodawcy a prawne granice wolno\u015bci sztuki<\/i><\/li>\n<li>Miko\u0142aj Ma\u0142ecki \/ <i>Granice sztuki w \u015bwietle prawa karnego<\/i><\/li>\n<li>Anna Demenko \/ <i>Przest\u0119pcza dzia\u0142alno\u015b\u0107 tw\u00f3rcza w prawie autorskim<\/i><\/li>\n<li>Dominika Bychawska-Siniarska \/ <i>Satyra i jej granice w orzecznictwie s\u0105d\u00f3w polskich i ETPC<\/i><\/li>\n<li>Joanna Melz \/ <i>Zniewa\u017cenie religii przez sztuk\u0119 w \u015bwietle niemieckiego prawa karnego<\/i><\/li>\n<li>Kinga Michalina Mistrzak \/ <i>\u017byj\u0105ca kwestia granic w sztuce \u2013 o \u017cyciu zwierz\u0105t w r\u0119kach artyst\u00f3w<\/i><\/li>\n<li>Jan Wasiewicz \/ <i>Ni\u0107 Ariadny w labiryncie bada\u0144 nad pami\u0119ci\u0105<\/i><\/li>\n<li>Mateusz Bieczy\u0144ski \/ <i>Prawo i sztuka na jednej wystawie<\/i><\/li>\n<li>Kalendarium 2014\/2015<\/li>\n<\/ul>\n","protected":false},"excerpt":{"rendered":"<p>26 \/ 2015 ZESZYTY ARTYSTYCZNE \/ nr 26 &#8212;&#8212;&#8212;&#8212;&#8212;&#8212;&#8212;&#8212;&#8212;&#8212;&#8212;&#8212;&#8212;&#8212;- Aksjologiczne granice sztuki Redaktor prowadz\u0105cy: Mateusz Bieczy\u0144ski Spis tre\u015bci: Mateusz Bieczy\u0144ski \/ Prawo i estetyka \u2013 zewn\u0119trzna i wewn\u0119trzna normatywno\u015b\u0107 sztuki Filip Ciep\u0142y \/ Preferencje aksjologiczne ustrojodawcy a prawne granice wolno\u015bci&hellip;<\/p>\n<p class=\"more-link-p\"><a class=\"more-link\" href=\"http:\/\/za.uap.edu.pl\/?page_id=471\">Read more &rarr;<\/a><\/p>\n","protected":false},"author":3,"featured_media":0,"parent":0,"menu_order":0,"comment_status":"closed","ping_status":"closed","template":"","meta":[],"_links":{"self":[{"href":"http:\/\/za.uap.edu.pl\/index.php?rest_route=\/wp\/v2\/pages\/471"}],"collection":[{"href":"http:\/\/za.uap.edu.pl\/index.php?rest_route=\/wp\/v2\/pages"}],"about":[{"href":"http:\/\/za.uap.edu.pl\/index.php?rest_route=\/wp\/v2\/types\/page"}],"author":[{"embeddable":true,"href":"http:\/\/za.uap.edu.pl\/index.php?rest_route=\/wp\/v2\/users\/3"}],"replies":[{"embeddable":true,"href":"http:\/\/za.uap.edu.pl\/index.php?rest_route=%2Fwp%2Fv2%2Fcomments&post=471"}],"version-history":[{"count":3,"href":"http:\/\/za.uap.edu.pl\/index.php?rest_route=\/wp\/v2\/pages\/471\/revisions"}],"predecessor-version":[{"id":744,"href":"http:\/\/za.uap.edu.pl\/index.php?rest_route=\/wp\/v2\/pages\/471\/revisions\/744"}],"wp:attachment":[{"href":"http:\/\/za.uap.edu.pl\/index.php?rest_route=%2Fwp%2Fv2%2Fmedia&parent=471"}],"curies":[{"name":"wp","href":"https:\/\/api.w.org\/{rel}","templated":true}]}}