{"id":475,"date":"2017-02-24T16:56:04","date_gmt":"2017-02-24T16:56:04","guid":{"rendered":"http:\/\/za.uap.edu.pl\/?page_id=475"},"modified":"2019-03-26T08:31:07","modified_gmt":"2019-03-26T08:31:07","slug":"28-2","status":"publish","type":"page","link":"http:\/\/za.uap.edu.pl\/?page_id=475","title":{"rendered":"28"},"content":{"rendered":"<p><span style=\"font-family: 'Times New Roman', serif;\"><span style=\"font-size: medium;\"><b>28 \/ 2016<\/b><\/span><\/span><\/p>\n<p><a href=\"http:\/\/za.uap.edu.pl\/wp-content\/uploads\/2018\/07\/Cz213_2016_r.XXV_nr28-compressed.pdf\">ZESZYTY ARTYSTYCZNE \/ nr 28<\/a><\/p>\n<p>&#8212;&#8212;&#8212;&#8212;&#8212;&#8212;&#8212;&#8212;&#8212;&#8212;&#8212;&#8212;&#8212;&#8212;-<\/p>\n<p><span style=\"font-family: 'Times New Roman', serif;\"><span style=\"font-size: medium;\">Temat numeru:<i><b> Edukacja i sztuka w kontek\u015bcie neoliberalnych wymog\u00f3w rentowno\u015bci<\/b><\/i><\/span><\/span><\/p>\n<p>Redaktor prowadz\u0105ca: Izabela Kowalczyk<\/p>\n<ul>\n<li>Izabela Kowalczyk \/ <i>Wst\u0119p<\/i><\/li>\n<li>Joanna Bednarek \/ <i>\u201eR\u00f3b to, co kochasz, kochaj to, co robisz\u201d: kreatywno\u015b\u0107 jako technika regulacyjna<\/i><\/li>\n<li>Jaros\u0142aw Urba\u0144ski \/ <i>Przemys\u0142 edukacyjny i poz\u00f3r kapitalizmu kognitywnego<\/i><\/li>\n<li>Rafa\u0142 Jakubowicz \/ <i>Spontanicznie dyspozycyjna podmiotowo\u015b\u0107. Uniwersytet pod presj\u0105 kapita\u0142u<\/i><\/li>\n<li>Kamil Wnuk \/ <i>Edukacja dla sztuki, sztuka dla edukacji<\/i><\/li>\n<li>Ewelina Jarosz \/ <i>Prekarna sytuacja doktorantek z uwzgl\u0119dnieniem szczeg\u00f3lnego usytuowania kobiet nieheteronormatywnych<\/i><\/li>\n<li>Izabela Kowalczyk \/ <i>Edukacja artystyczna a zderzenie z rzeczywisto\u015bci\u0105 \u2013 na przyk\u0142adzie przerwanych karier kobiet artystek<\/i><\/li>\n<li>Katarzyna G\u0119barowska \/ <i>Szklany sufit rynku sztuki<\/i><\/li>\n<li>Ma\u0142gorzata Kaczmarek \/ <i>Parametryzacja z perspektywy studentki<\/i><\/li>\n<li>Paulina Breli\u0144ska, Daria Grabowska (grupa #Krytyka) \/ <i>Prekarny status m\u0142odych w polskim \u015bwiecie sztuki (recenzja wystawy <\/i>Status: Paso\u017cyt<i>)<\/i><\/li>\n<li>Aleksandra Jaraszkiewicz \/ <i>Paso\u017cyt<\/i><\/li>\n<li>Justyna Ryczek \/ <i>Czy sztuka jest skuteczna? Nieustannie zadawane pytanie<\/i><\/li>\n<li>Gizela Mickiewicz \/ <i>Zwyk\u0142e rzeczy<\/i><\/li>\n<li>M. Weronika W\u0119c\u0142awska-Lipowicz \/ <i>Ostatni to romantyk\u2026Wspomnienie o Profesorze dr. Hab. Wies\u0142awie Krzy\u017caniaku<\/i><\/li>\n<li>Kalendarium<\/li>\n<\/ul>\n","protected":false},"excerpt":{"rendered":"<p>28 \/ 2016 ZESZYTY ARTYSTYCZNE \/ nr 28 &#8212;&#8212;&#8212;&#8212;&#8212;&#8212;&#8212;&#8212;&#8212;&#8212;&#8212;&#8212;&#8212;&#8212;- Temat numeru: Edukacja i sztuka w kontek\u015bcie neoliberalnych wymog\u00f3w rentowno\u015bci Redaktor prowadz\u0105ca: Izabela Kowalczyk Izabela Kowalczyk \/ Wst\u0119p Joanna Bednarek \/ \u201eR\u00f3b to, co kochasz, kochaj to, co robisz\u201d: kreatywno\u015b\u0107 jako&hellip;<\/p>\n<p class=\"more-link-p\"><a class=\"more-link\" href=\"http:\/\/za.uap.edu.pl\/?page_id=475\">Read more &rarr;<\/a><\/p>\n","protected":false},"author":3,"featured_media":0,"parent":0,"menu_order":0,"comment_status":"closed","ping_status":"closed","template":"","meta":[],"_links":{"self":[{"href":"http:\/\/za.uap.edu.pl\/index.php?rest_route=\/wp\/v2\/pages\/475"}],"collection":[{"href":"http:\/\/za.uap.edu.pl\/index.php?rest_route=\/wp\/v2\/pages"}],"about":[{"href":"http:\/\/za.uap.edu.pl\/index.php?rest_route=\/wp\/v2\/types\/page"}],"author":[{"embeddable":true,"href":"http:\/\/za.uap.edu.pl\/index.php?rest_route=\/wp\/v2\/users\/3"}],"replies":[{"embeddable":true,"href":"http:\/\/za.uap.edu.pl\/index.php?rest_route=%2Fwp%2Fv2%2Fcomments&post=475"}],"version-history":[{"count":3,"href":"http:\/\/za.uap.edu.pl\/index.php?rest_route=\/wp\/v2\/pages\/475\/revisions"}],"predecessor-version":[{"id":746,"href":"http:\/\/za.uap.edu.pl\/index.php?rest_route=\/wp\/v2\/pages\/475\/revisions\/746"}],"wp:attachment":[{"href":"http:\/\/za.uap.edu.pl\/index.php?rest_route=%2Fwp%2Fv2%2Fmedia&parent=475"}],"curies":[{"name":"wp","href":"https:\/\/api.w.org\/{rel}","templated":true}]}}

<p><span style="font-family: 'Times New Roman', serif;"><span style="font-size: medium;"><b>28 / 2016</b></span></span></p>
<p><a href="http://za.uap.edu.pl/wp-content/uploads/2018/07/Cz213_2016_r.XXV_nr28-compressed.pdf">ZESZYTY ARTYSTYCZNE / nr 28</a></p>
<p>&#8212;&#8212;&#8212;&#8212;&#8212;&#8212;&#8212;&#8212;&#8212;&#8212;&#8212;&#8212;&#8212;&#8212;-</p>
<p><span style="font-family: 'Times New Roman', serif;"><span style="font-size: medium;">Temat numeru:<i><b> Edukacja i sztuka w kontekście neoliberalnych wymogów rentowności</b></i></span></span></p>
<p>Redaktor prowadząca: Izabela Kowalczyk</p>
<ul>
<li>Izabela Kowalczyk / <i>Wstęp</i></li>
<li>Joanna Bednarek / <i>„Rób to, co kochasz, kochaj to, co robisz”: kreatywność jako technika regulacyjna</i></li>
<li>Jarosław Urbański / <i>Przemysł edukacyjny i pozór kapitalizmu kognitywnego</i></li>
<li>Rafał Jakubowicz / <i>Spontanicznie dyspozycyjna podmiotowość. Uniwersytet pod presją kapitału</i></li>
<li>Kamil Wnuk / <i>Edukacja dla sztuki, sztuka dla edukacji</i></li>
<li>Ewelina Jarosz / <i>Prekarna sytuacja doktorantek z uwzględnieniem szczególnego usytuowania kobiet nieheteronormatywnych</i></li>
<li>Izabela Kowalczyk / <i>Edukacja artystyczna a zderzenie z rzeczywistością – na przykładzie przerwanych karier kobiet artystek</i></li>
<li>Katarzyna Gębarowska / <i>Szklany sufit rynku sztuki</i></li>
<li>Małgorzata Kaczmarek / <i>Parametryzacja z perspektywy studentki</i></li>
<li>Paulina Brelińska, Daria Grabowska (grupa #Krytyka) / <i>Prekarny status młodych w polskim świecie sztuki (recenzja wystawy </i>Status: Pasożyt<i>)</i></li>
<li>Aleksandra Jaraszkiewicz / <i>Pasożyt</i></li>
<li>Justyna Ryczek / <i>Czy sztuka jest skuteczna? Nieustannie zadawane pytanie</i></li>
<li>Gizela Mickiewicz / <i>Zwykłe rzeczy</i></li>
<li>M. Weronika Węcławska-Lipowicz / <i>Ostatni to romantyk…Wspomnienie o Profesorze dr. Hab. Wiesławie Krzyżaniaku</i></li>
<li>Kalendarium</li>
</ul>

<p>28 / 2016 ZESZYTY ARTYSTYCZNE / nr 28 &#8212;&#8212;&#8212;&#8212;&#8212;&#8212;&#8212;&#8212;&#8212;&#8212;&#8212;&#8212;&#8212;&#8212;- Temat numeru: Edukacja i sztuka w kontekście neoliberalnych wymogów rentowności Redaktor prowadząca: Izabela Kowalczyk Izabela Kowalczyk / Wstęp Joanna Bednarek / „Rób to, co kochasz, kochaj to, co robisz”: kreatywność jako&hellip;</p>
<p class="more-link-p"><a class="more-link" href="http://za.uap.edu.pl/?page_id=475">Read more &rarr;</a></p>
