{"id":785,"date":"2019-03-26T14:17:44","date_gmt":"2019-03-26T14:17:44","guid":{"rendered":"http:\/\/za.uap.edu.pl\/?page_id=785"},"modified":"2019-07-22T17:21:02","modified_gmt":"2019-07-22T17:21:02","slug":"digitalizacja","status":"publish","type":"page","link":"http:\/\/za.uap.edu.pl\/?page_id=785","title":{"rendered":"DIGITALIZACJA"},"content":{"rendered":"<p>Redakcji &#8222;Zeszyt\u00f3w Artystycznych&#8221; pomimo wszelkich stara\u0144 nie uda\u0142o si\u0119 skontaktowa\u0107 z wszystkimi autorkami i autorami oraz dysponentami praw autorskich do artyku\u0142\u00f3w zamieszczonych w archiwalnych numerach czasopisma. Je\u017celi jednak nie wyra\u017cacie Pa\u0144stwo zgody na upublicznienie, za spraw\u0105 digitalizacji archiwum czasopisma, tekstu swego artyku\u0142u opublikowanego na \u0142amach &#8222;Zeszyt\u00f3w Artystycznych&#8221;, uprzejmie prosimy o kontakt na adres redakcji.<\/p>\n<p>&#8212;&#8211;<\/p>\n<p><em>Digitalizacja i promocja czasopisma<\/em> &#8211; zadanie finansowane w ramach umowy 844\/P-DUN\/2018 ze \u015brodk\u00f3w Ministra Nauki i Szkolnictwa Wy\u017cszego przeznaczonych na dzia\u0142alno\u015b\u0107 upowszechniaj\u0105c\u0105 nauk\u0119.<\/p>\n<p><a href=\"http:\/\/za.uap.edu.pl\/wp-content\/uploads\/2018\/07\/Bez-nazwy00.jpg\"><img loading=\"lazy\" class=\"alignnone size-full wp-image-610\" src=\"http:\/\/za.uap.edu.pl\/wp-content\/uploads\/2018\/07\/Bez-nazwy00.jpg\" alt=\"Bez nazwy00\" width=\"400\" height=\"111\" srcset=\"http:\/\/za.uap.edu.pl\/wp-content\/uploads\/2018\/07\/Bez-nazwy00.jpg 400w, http:\/\/za.uap.edu.pl\/wp-content\/uploads\/2018\/07\/Bez-nazwy00-300x83.jpg 300w, http:\/\/za.uap.edu.pl\/wp-content\/uploads\/2018\/07\/Bez-nazwy00-260x72.jpg 260w, http:\/\/za.uap.edu.pl\/wp-content\/uploads\/2018\/07\/Bez-nazwy00-160x44.jpg 160w\" sizes=\"(max-width: 400px) 100vw, 400px\" \/><\/a><\/p>\n","protected":false},"excerpt":{"rendered":"<p>Redakcji &#8222;Zeszyt\u00f3w Artystycznych&#8221; pomimo wszelkich stara\u0144 nie uda\u0142o si\u0119 skontaktowa\u0107 z wszystkimi autorkami i autorami oraz dysponentami praw autorskich do artyku\u0142\u00f3w zamieszczonych w archiwalnych numerach czasopisma. Je\u017celi jednak nie wyra\u017cacie Pa\u0144stwo zgody na upublicznienie, za spraw\u0105 digitalizacji archiwum czasopisma, tekstu&hellip;<\/p>\n<p class=\"more-link-p\"><a class=\"more-link\" href=\"http:\/\/za.uap.edu.pl\/?page_id=785\">Read more &rarr;<\/a><\/p>\n","protected":false},"author":3,"featured_media":0,"parent":0,"menu_order":0,"comment_status":"closed","ping_status":"closed","template":"","meta":[],"_links":{"self":[{"href":"http:\/\/za.uap.edu.pl\/index.php?rest_route=\/wp\/v2\/pages\/785"}],"collection":[{"href":"http:\/\/za.uap.edu.pl\/index.php?rest_route=\/wp\/v2\/pages"}],"about":[{"href":"http:\/\/za.uap.edu.pl\/index.php?rest_route=\/wp\/v2\/types\/page"}],"author":[{"embeddable":true,"href":"http:\/\/za.uap.edu.pl\/index.php?rest_route=\/wp\/v2\/users\/3"}],"replies":[{"embeddable":true,"href":"http:\/\/za.uap.edu.pl\/index.php?rest_route=%2Fwp%2Fv2%2Fcomments&post=785"}],"version-history":[{"count":3,"href":"http:\/\/za.uap.edu.pl\/index.php?rest_route=\/wp\/v2\/pages\/785\/revisions"}],"predecessor-version":[{"id":807,"href":"http:\/\/za.uap.edu.pl\/index.php?rest_route=\/wp\/v2\/pages\/785\/revisions\/807"}],"wp:attachment":[{"href":"http:\/\/za.uap.edu.pl\/index.php?rest_route=%2Fwp%2Fv2%2Fmedia&parent=785"}],"curies":[{"name":"wp","href":"https:\/\/api.w.org\/{rel}","templated":true}]}}