{"id":8,"date":"2012-02-01T12:42:14","date_gmt":"2012-02-01T12:42:14","guid":{"rendered":"http:\/\/za.uap.edu.pl\/?page_id=8"},"modified":"2024-12-09T19:33:56","modified_gmt":"2024-12-09T19:33:56","slug":"rada-naukowa","status":"publish","type":"page","link":"http:\/\/za.uap.edu.pl\/?page_id=8","title":{"rendered":"Rada naukowa"},"content":{"rendered":"\n<p><strong>Rada Naukowa \/ <strong>Advisory<\/strong> Board:<\/strong><\/p>\n\n\n\n<ul><li>prof. Izabella Gustowska, Uniwersytet Artystyczny im. Magdaleny Abakanowicz w Poznaniu<\/li><li>prof. Marek Krajewski, Uniwersytet im. A. Mickiewicza w Poznaniu<\/li><li>doc. M\u00e1ria Ori\u0161kov\u00e1, dr fil., Trnavsk\u00e1 Univerzita w Trnave, S\u0142owacja<\/li><li>doc. J\u00f6rg Scheller, dr fil., Z\u00fcrcher Hochschule der K\u00fcnste (ZHdK), Szwajcaria<\/li><li>prof. Mi\u0161ko \u0160uvakovi\u0107, Singidunum University, Belgrade, Serbia<\/li><li>prof. dr Sabeth Buchmann, Akademie der bildenden K\u00fcnste Wien, Institut f\u00fcr Kunst und Kulturwissenschaft, Austria<\/li><li>prof. Burcu Dogramaci, LMU, Monachium, Niemcy<\/li><\/ul>\n\n\n\n<div class=\"wp-block-group\"><div class=\"wp-block-group__inner-container\">\n<figure class=\"wp-block-table alignleft\"><table><tbody><tr><td class=\"has-text-align-left\" data-align=\"left\">prof. Anna Zeidler-Janiszewska, Uniwersytet SWPS, Warszawa<\/td><\/tr><\/tbody><\/table><\/figure>\n\n\n\n<p><\/p>\n<\/div><\/div>\n\n\n\n<p><\/p>\n","protected":false},"excerpt":{"rendered":"<p>Rada Naukowa \/ Advisory Board: prof. Izabella Gustowska, Uniwersytet Artystyczny im. Magdaleny Abakanowicz w Poznaniu prof. Marek Krajewski, Uniwersytet im. A. Mickiewicza w Poznaniu doc. M\u00e1ria Ori\u0161kov\u00e1, dr fil., Trnavsk\u00e1 Univerzita w Trnave, S\u0142owacja doc. J\u00f6rg Scheller, dr fil., Z\u00fcrcher&hellip;<\/p>\n<p class=\"more-link-p\"><a class=\"more-link\" href=\"http:\/\/za.uap.edu.pl\/?page_id=8\">Read more &rarr;<\/a><\/p>\n","protected":false},"author":1,"featured_media":0,"parent":0,"menu_order":0,"comment_status":"closed","ping_status":"open","template":"","meta":[],"_links":{"self":[{"href":"http:\/\/za.uap.edu.pl\/index.php?rest_route=\/wp\/v2\/pages\/8"}],"collection":[{"href":"http:\/\/za.uap.edu.pl\/index.php?rest_route=\/wp\/v2\/pages"}],"about":[{"href":"http:\/\/za.uap.edu.pl\/index.php?rest_route=\/wp\/v2\/types\/page"}],"author":[{"embeddable":true,"href":"http:\/\/za.uap.edu.pl\/index.php?rest_route=\/wp\/v2\/users\/1"}],"replies":[{"embeddable":true,"href":"http:\/\/za.uap.edu.pl\/index.php?rest_route=%2Fwp%2Fv2%2Fcomments&post=8"}],"version-history":[{"count":25,"href":"http:\/\/za.uap.edu.pl\/index.php?rest_route=\/wp\/v2\/pages\/8\/revisions"}],"predecessor-version":[{"id":2024,"href":"http:\/\/za.uap.edu.pl\/index.php?rest_route=\/wp\/v2\/pages\/8\/revisions\/2024"}],"wp:attachment":[{"href":"http:\/\/za.uap.edu.pl\/index.php?rest_route=%2Fwp%2Fv2%2Fmedia&parent=8"}],"curies":[{"name":"wp","href":"https:\/\/api.w.org\/{rel}","templated":true}]}}